nd k?
13
Let i be (-176)/(-99) - (-2)/9. What is the greatest common divisor of i and 64?
2
Let g = 0 - 2. Let c(d) = 6 - 6*d + d - 7. Let m be c(g). Calculate the greatest common divisor of 99 and m.
9
Let s be ((-2)/4)/((-1)/8). Let i(j) be the second derivative of -j**3 + j**2 + 5*j. Let m be i(-3). Calculate the highest common divisor of s and m.
4
Let x(u) = -3 + 3 + 4 - 7*u. Let f be x(-4). Suppose 184 + 56 = 3*l. Calculate the highest common divisor of f and l.
16
Let l = 120 + 42. What is the highest common factor of l and 18?
18
Suppose 0 = 9*c - 5*c - 36. Let b = -5 - -95. Calculate the highest common factor of c and b.
9
Suppose -2*p + 250 = 4*b, -5*p + 3*b + 599 = -0*b. Let v be -1*(0 + 3) + 14. What is the highest common divisor of p and v?
11
Let k = -47 - -68. Suppose -k = 2*q - 165. What is the greatest common factor of 8 and q?
8
Suppose -3*y - 52 - 11 = 0. Let q be (-1)/2 - y/2. Calculate the greatest common divisor of 5 and q.
5
Let m(k) = 27*k + 1. Let n be m(1). Suppose -3*a = a. Let q be (-14)/4*(-2 + a). What is the greatest common factor of q and n?
7
Suppose 2*y + 3 = -9. Let k(d) = -4*d - 4. Let q be k(y). Calculate the greatest common divisor of q and 40.
20
Let f = 28 + -4. Calculate the highest common divisor of 6 and f.
6
Suppose -2*o - 2*w = -62, -5*o - 2*w + w + 159 = 0. Suppose 4*i + 5*g = 16, 2*i - 4*g + 3 - 11 = 0. What is the highest common divisor of i and o?
4
Let q(p) = -2*p - p + 5*p + 0*p. Let w be q(2). What is the greatest common factor of 16 and w?
4
Let y be -3*(-2)/(-3) - -41. Suppose 0 = -z - 2*z - 78. Let k = y + z. What is the highest common factor of k and 78?
13
Suppose 5*q = q + 340. Calculate the highest common divisor of 17 and q.
17
Let i be (-4)/(-2)*(21 - -1). What is the highest common factor of i and 4?
4
Suppose 13*n - 120 = n. What is the highest common divisor of n and 25?
5
Let b(o) = o**3 - 9*o**2 - 9*o + 5. Let a be b(10). Calculate the highest common divisor of a and 15.
15
Suppose 2*o + 2*m = -o + 8, 3*o = 5*m + 1. Let b(u) = -30*u - 174. Let p be b(-6). Calculate the highest common factor of p and o.
2
Let y be -2*(530/4)/(-5). Suppose 6*z = -3*n + z + y, -n - 2*z + 16 = 0. Calculate the highest common divisor of 65 and n.
13
Let d be ((-11)/4)/((-5)/20). Suppose d*u = 9*u + 264. Calculate the greatest common factor of 12 and u.
12
Let x(a) = a**3 - a**2 + a. Let b(n) = 4*n**3 + 3*n**2 + 12*n - 2. Let m(t) = b(t) - 5*x(t). Let p be m(7). Calculate the highest common factor of 12 and p.
12
Suppose 4*n + 3*q - 73 = 4*q, q = 2*n - 39. What is the greatest common factor of 17 and n?
17
Suppose -p = 2*p - 3*a - 228, -2*a - 227 = -3*p. Calculate the greatest common factor of p and 30.
15
Suppose 10 = 5*q, 3*j - 2*j + 5*q - 13 = 0. Suppose -s = 4*i - 6*s - 116, 4*i - 2*s = 104. Calculate the highest common divisor of j and i.
3
Suppose -6 = -2*p - 0. Let w(k) = k**3 + 5*k**2 + 4*k + 9. Let i be w(-4). Calculate the greatest common factor of i and p.
3
Let j be (12/(-21))/(-2) - (-178)/14. Suppose -5*u + u + 364 = 0. Calculate the greatest common divisor of u and j.
13
Let x be 34/9 + 22/99. Let c be x/(36/(-15))*-15. Calculate the highest common factor of c and 10.
5
Suppose 2 - 6 = -2*x, -w = x - 3. Suppose -5*n = -16 + w. Let q = 12 + n. What is the greatest common factor of 60 and q?
15
Suppose -12*z + 180 = -0*z. What is the highest common divisor of 5 and z?
5
Let m be 11/(-9) - (-2)/9. Let h be 23 + -6 - (-2 - m). What is the greatest common divisor of h and 9?
9
Suppose 3*r = 0, 5*k - 664 = -4*r + 96. Suppose -3*f - 4*m = -57, -3*f = -5*m + 2 - 59. What is the highest common divisor of k and f?
19
Let i = -160 - -192. What is the highest common divisor of i and 8?
8
Let w = -84 + 237. What is the highest common divisor of 9 and w?
9
Let m = 81 - 46. Calculate the greatest common divisor of m and 5.
5
Suppose 32 = 3*g - g. Let x be (-12)/(-5)*60/9. What is the highest common factor of g and x?
16
Suppose 7*x + 1078 = 14*x. Suppose 5*h + 11 = 1. Let b be (-176)/(-12) - h/(-3). Calculate the highest common factor of x and b.
14
Let w be (-226)/(-8) - (-2)/(-8). Let k(x) = -x**2 - 17*x - 7. Let m be k(-10). Let f be ((-6)/(-9))/(3/m). What is the greatest common factor of w and f?
14
Suppose 2*r - 4*j = 140, -3*j - 65 = 5*r - 6*r. Let c be 2/5 + 6/(-15). Let t be 10/4*(4 - c). Calculate the highest common factor of t and r.
10
Suppose -g + 2 = -30. Let b be 2 + 0 + (3 - 2). Suppose 5*w - 410 = -5*r, -b*r + 3*w = 115 - 349. Calculate the highest common factor of r and g.
16
Let l(h) = h**3 + 5*h**2 - 10*h - 9. Let j be l(-6). Let k be (-1)/(-3 - -2) - 0. Let v = k + 2. Calculate the greatest common divisor of v and j.
3
Let y be -2 + 4*-1 + (0 - -19). Calculate the greatest common divisor of 52 and y.
13
Let t be 5/(75/(-126))*-10. Let s = -27 + 39. What is the highest common divisor of s and t?
12
Suppose 0 = -3*l + 12. Suppose -5*f + 404 = -l*o + 5*o, -321 = -4*f - 3*o. Suppose 4*s = 6*s - 18. Calculate the highest common divisor of f and s.
9
Suppose 3*j - 3*p = 138, 2*j - j = -2*p + 43. Suppose -5*t - 2*i + 45 = 0, t - j = -4*t - 5*i. Calculate the highest common divisor of 72 and t.
9
Let d be 4*(-1 - 3/(-2)). Suppose 0 = -3*v - 2*v - 5*l + 220, 0 = -d*v + l + 76. Let j = v - -10. What is the greatest common factor of 10 and j?
10
Let p(h) = -h**3 + 14*h**2 - 11*h + 4. Let l be p(13). Calculate the greatest common factor of l and 10.
10
Let v = 132 + -33. What is the highest common factor of v and 9?
9
Suppose 5*n - 155 = -5*k, -5*n + 49 = -5*k - 96. Suppose p + n = 4*p. What is the highest common factor of p and 10?
10
Let i(s) = s**2 - 6*s + 14. Let q be i(7). Suppose -2*l + 6 + 7 = 3*g, -2*l + 4*g + 48 = 0. What is the greatest common factor of l and q?
7
Let l(y) = -3*y - 11. Let x be l(-13). Calculate the highest common divisor of 42 and x.
14
Let a be (-2)/(-10) + 1195/25. Suppose -5*b + 323 = a. Let n be (22/4)/((-2)/(-4)). Calculate the greatest common factor of b and n.
11
Suppose 9 = 3*p, -3*b + 5*p = 6*p - 18. Suppose 17 = b*f + 7. Let r(s) = 2*s. Let l be r(4). Calculate the greatest common factor of f and l.
2
Suppose 0 = 166*w - 173*w + 1176. Suppose 4*z - 46 = -2*i + 48, z - 41 = -4*i. Calculate the highest common factor of z and w.
21
Let m = -10 - -32. What is the greatest common factor of m and 44?
22
Suppose 0 = 2*q - q + 2*w - 8, 3*w - 2 = q. Suppose 0 = -3*p, 0 = -2*r + 3*p + 4 + q. Let u be 19 - (3 - 4 - -4). What is the highest common factor of u and r?
4
Suppose -5*t = -t - 32. Let p(d) = -10*d - 1. Let s be p(-4). Let x = s + -27. What is the highest common factor of x and t?
4
Suppose g = 3*o - 82, -4*g + 76 = 5*o - 55. What is the highest common factor of 3 and o?
3
Suppose -w - 5*b = -163, 4*w + 0*w - b = 736. Let x = -102 + w. Calculate the greatest common factor of x and 9.
9
Let m(d) be the third derivative of 0*d - d**3 + 1/4*d**4 + 1/60*d**5 + 0 + d**2. Let f be m(-7). Calculate the highest common divisor of f and 5.
1
Suppose -2*x + 9 = 1. Suppose -2*r + 84 = 2*j, j - 212 = -4*j - 4*r. Calculate the highest common factor of j and x.
4
Let q(i) = i**3 + i + 4. Let c be q(0). Calculate the greatest common factor of c and 32.
4
Suppose 12 = 3*h + 4*z, -5*h + 32 = -2*z - 14. Suppose 56 + 29 = 5*u. Let v = u + -13. What is the highest common factor of h and v?
4
Let h be ((-12)/15)/(4/(-10)). Let n = 9 - h. Let p be (-3 - 12/(-3))*7. What is the greatest common factor of n and p?
7
Let h(s) = s + 2. Let l be h(0). Suppose -3*n + 125 = l*n - 5*z, -54 = -2*n + 3*z. Calculate the greatest common factor of n and 168.
21
Suppose 6*m - m - 4*u - 43 = 0, -31 = -5*m - 2*u. Let n be ((-2)/(-3))/(4/558). Let l = n - 51. What is the greatest common divisor of m and l?
7
Suppose -5*o = -5, -3*t + 4*o - 5*o - 11 = 0. Let n = t - -40. Let w be 4/8*30 + -6. Calculate the highest common factor of n and w.
9
Let x(t) = 8*t**2 + 4*t + 3. Let q be x(-3). Let m be 6/(-9)*(-21)/2. Calculate the greatest common divisor of q and m.
7
Suppose -871 - 119 = -5*n. Calculate the greatest common factor of n and 18.
18
Let k(z) = z**3 + 9*z**2 + 12*z + 52. Let f be k(-6). Suppose -6*u = -2*j - 3*u + 16, -32 = -4*j + 5*u. What is the greatest common factor of j and f?
8
Let